ide 489691847?
False
Does 2 divide 3797012?
True
Does 1859 divide 3572862646?
False
Is 97 a factor of 52029054?
True
Is 18 a factor of 570724576?
False
Does 34 divide 101235431?
False
Is 175 a factor of 221522906?
False
Is 393806539 a multiple of 577?
True
Is 251260240 a multiple of 56?
True
Does 24 divide 659483?
False
Is 6241 a factor of 3580911052?
True
Is 70437206 a multiple of 98?
True
Is 16 a factor of 297625472?
True
Is 285347867 a multiple of 161?
True
Is 103801072 a multiple of 31?
False
Does 393 divide 144204630?
False
Does 275 divide 586839227?
False
Does 15 divide 15447330?
True
Is 55 a factor of 237908816?
False
Does 73 divide 86679655?
False
Is 191 a factor of 8001754?
True
Is 87 a factor of 21231045?
True
Is 46 a factor of 6427166?
True
Is 30 a factor of 4627411?
False
Is 3469 a factor of 42377934?
False
Is 214979176 a multiple of 58?
False
Is 291000968 a multiple of 3128?
True
Is 188175694 a multiple of 478?
True
Is 215 a factor of 31461357?
False
Does 651 divide 864914043?
True
Is 3434980 a multiple of 71?
True
Does 745 divide 3323431844?
False
Is 98736234 a multiple of 8?
False
Is 23 a factor of 89732703?
False
Does 312 divide 5240588?
False
Is 76359675 a multiple of 34?
False
Is 247864478 a multiple of 15?
False
Is 40379141 a multiple of 1176?
False
Is 83188434 a multiple of 173?
True
Is 54633383 a multiple of 21?
False
Does 993 divide 313448473?
False
Is 30 a factor of 4495770?
True
Is 27316959 a multiple of 58?
False
Is 5 a factor of 3029066?
False
Is 10 a factor of 1527285900?
True
Is 2 a factor of 15871322?
True
Is 155659228 a multiple of 118?
True
Does 14 divide 322339885?
False
Is 29 a factor of 9364959?
False
Does 158 divide 546444422?
True
Is 23376359 a multiple of 23?
False
Is 244 a factor of 16932624?
True
Does 2882 divide 4661768892?
False
Does 1903 divide 23333251?
False
Is 157 a factor of 2374311?
True
Does 4535 divide 42916428?
False
Is 305178482 a multiple of 43?
True
Does 49 divide 1089221072?
False
Does 91 divide 134577534?
True
Does 461 divide 62237685?
False
Does 4 divide 853516004?
True
Does 31 divide 12873943?
False
Does 5374 divide 4174335110?
True
Does 492 divide 6337717?
False
Does 3514 divide 292275311?
False
Is 21 a factor of 51575601?
True
Does 39 divide 741835?
False
Is 179895399 a multiple of 3721?
False
Is 554 a factor of 43705614?
True
Is 43 a factor of 1446956665?
True
Is 214 a factor of 88944386?
False
Does 207 divide 61977908?
False
Is 598224313 a multiple of 8?
False
Is 5948348 a multiple of 7?
True
Is 143318 a multiple of 13?
False
Does 246 divide 263159407?
False
Is 100436154 a multiple of 53?
False
Is 35881945 a multiple of 55?
True
Is 60 a factor of 10656660?
True
Does 440 divide 498446520?
True
Is 1073 a factor of 4436855?
True
Is 41709115 a multiple of 3409?
True
Does 14 divide 3967786694?
False
Is 6 a factor of 60557970?
True
Does 12 divide 1382332868?
False
Is 1231 a factor of 45407897?
True
Is 3827 a factor of 1772467396?
True
Is 13 a factor of 83980442?
True
Is 90 a factor of 49341420?
True
Is 93560112 a multiple of 408?
True
Does 127 divide 41226232?
True
Is 20 a factor of 399047371?
False
Is 19495838 a multiple of 349?
True
Does 513 divide 566875567?
False
Does 5 divide 1699826?
False
Does 4 divide 478726665?
False
Does 41 divide 44515791?
True
Is 1082944507 a multiple of 1704?
False
Does 2085 divide 729483120?
True
Does 1500 divide 268138500?
True
Is 29 a factor of 77618040?
False
Does 6303 divide 1465901316?
True
Does 322 divide 1282925490?
False
Does 394 divide 559769156?
False
Does 46 divide 288784918?
True
Does 127 divide 355264573?
False
Is 743901198 a multiple of 453?
True
Is 43 a factor of 2015684?
False
Does 10 divide 15566360?
True
Is 21 a factor of 28997157?
True
Is 758 a factor of 364709182?
False
Is 206 a factor of 9218088?
True
Is 2779316883 a multiple of 10607?
False
Does 2 divide 274950187?
False
Does 194 divide 3417099503?
False
Is 226 a factor of 12218464?
True
Does 1782 divide 138028374?
True
Is 39226004 a multiple of 68?
True
Is 2735760 a multiple of 4?
True
Is 9854050 a multiple of 105?
False
Is 864 a factor of 132134112?
True
Does 368 divide 88816432?
True
Is 998102285 a multiple of 1115?
True
Is 140 a factor of 195547520?
True
Is 928 a factor of 317885011?
False
Is 2527456680 a multiple of 280?
True
Is 964966980 a multiple of 2460?
True
Is 14169420 a multiple of 109?
False
Is 187 a factor of 101463395?
True
Is 1519 a factor of 229619635?
True
Is 195 a factor of 330418530?
True
Is 57899376 a multiple of 18?
True
Is 6067112 a multiple of 206?
True
Does 22 divide 208194072?
False
Does 162 divide 36151678?
False
Is 2100 a factor of 726679800?
True
Is 17 a factor of 12784499?
False
Is 12 a factor of 284937311?
False
Does 62 divide 37803213?
False
Is 3044750 a multiple of 38?
True
Is 4230 a factor of 478704870?
True
Is 45 a factor of 240388425?
True
Is 742275050 a multiple of 22?
True
Is 1029199285 a multiple of 23?
True
Does 4230 divide 208860480?
True
Is 78 a factor of 3460036086?
True
Is 65 a factor of 44768945?
True
Is 10 a factor of 727714423?
False
Does 2927 divide 28746067?
True
Is 3895 a factor of 33871286?
False
Is 33 a factor of 18273453?
True
Is 338 a factor of 1151266136?
False
Does 12 divide 35705908?
False
Does 2610 divide 637521210?
True
Does 25 divide 67885375?
True
Does 40 divide 196745760?
True
Is 91844655 a multiple of 1908?
False
Is 231 a factor of 5278812?
True
Is 466829594 a multiple of 2959?
True
Is 24 a factor of 11645669?
False
Is 424672875 a multiple of 3875?
True
Is 2768087 a multiple of 213?
False
Is 241821864 a multiple of 36?
True
Is 28 a factor of 16070796?
True
Is 125814972 a multiple of 42?
False
Is 14 a factor of 19053632?
False
Is 31033585 a multiple of 935?
True
Is 71 a factor of 61745718?
True
Is 1077382820 a multiple of 5689?
True
Is 149598435 a multiple of 35?
True
Is 36 a factor of 67013494?
False
Does 30 divide 193813050?
True
Is 593299587 a multiple of 3012?
False
Is 68921759 a multiple of 19?
True
Does 2783 divide 2281113780?
True
Is 179206799 a multiple of 2145?
False
Is 18 a factor of 925096104?
True
Does 16 divide 736832278?
False
Does 5 divide 8900873?
False
Is 592161765 a multiple of 3723?
True
Is 83792133 a multiple of 17?
True
Is 121 a factor of 419351031?
True
Does 1400 divide 106930600?
True
Does 8 divide 9781032?
True
Is 56113437 a multiple of 331?
True
Is 2509 a factor of 1707449770?
True
Is 570 a factor of 11318726?
False
Does 5 divide 8566296?
False
Is 213249399 a multiple of 3?
True
Does 12 divide 287338872?
True
Is 7 a factor of 56521599?
False
Does 102 divide 1415556?
True
Is 2769 a factor of 24195238?
False
Is 3977952 a multiple of 22?
True
Is 362006874 a multiple of 1251?
True
Does 3 divide 111253413?
True
Is 199 a factor of 1614565605?
True
Is 123 a factor of 689228279?
False
Is 46934280 a multiple of 136?
True
Is 1965281 a multiple of 1913?
False
Is 20795551 a multiple of 3?
False
Does 198 divide 83128491?
False
Is 4177653 a multiple of 755?
False
Does 510 divide 810569520?
True
Is 82777880 a multiple of 20?
True
Does 1004 divide 92118004?
True
Does 152 divide 9711416?
False
Does 69 divide 38856313?
False
Is 15719165 a multiple of 11?
True
Does 2411 divide 417400021?
False
Is 15594325 a multiple of 20?
False
Is 1397225152 a multiple of 3208?
True
Is 251 a factor of 1944748?
True
Does 8 divide 432185377?
False
Does 4654 divide 496529731?
False
Is 6 a factor of 13121923?
False
Does 2402 divide 14825144?
True
Is 1440 a factor of 65511360?
True
Is 1134492 a multiple of 29?
False
Is 497152740 a multiple of 315?
False
Is 43 a factor of 9331439?
False
Is 80 a factor of 5797360?
True
Is 699 a factor of 46376553?
True
Is 97006729 a multiple of 46?
False
Does 30 divide 22678890?
True
Does 23 divide 164105299?
True
Is 14 a factor of 251194972?
True
Is 15 a factor of 789626204?
False
Does 11 divide 68031007?
True
Is 385456170 a multiple of 165?
True
Is 951374 a multiple of 94?
True
Is 73874244 a multiple of 2089?
False
Is 57 a factor of 261709173?
True
Is 10 a factor of 98690326?
False
Is 1041665458 a multiple of 3?
False
Is 243717012 a multiple of 22?
True
Does 1078 divide 20616447?
False
Is 5038059 a multiple of 523?
True
Does 35 divide 53374965?
True
Is 148 a factor of 107713216?
True
Is 31036873 a multi